{"id":176,"date":"2012-11-19T22:39:05","date_gmt":"2012-11-19T20:39:05","guid":{"rendered":"http:\/\/fleischhauer-druck.de\/cms\/?page_id=176"},"modified":"2020-12-30T18:03:05","modified_gmt":"2020-12-30T16:03:05","slug":"ausdrucke","status":"publish","type":"page","link":"https:\/\/fleischhauer-druck.de\/cms\/produkte\/ausdrucke\/","title":{"rendered":"Ausdrucke"},"content":{"rendered":"<p><strong>Auf die Anzahl kommt es nicht drauf an!<\/strong><\/p>\n<p>Ob Sie 1 Kopie oder 10.000 und mehr Ausdrucke ben\u00f6tigen. Bei uns sind Sie genau richtig.<br \/>\nBei gestellter PDF k\u00f6nnen ihre Vorstellung auf h\u00f6chster Qualit\u00e4t umgesetzt werden.<br \/>\nGerne k\u00f6nnen Sie uns Ihre Daten auch online zukommen lassen. Daf\u00fcr bitte nur das untenstehende Formular ausf\u00fcllen und abschicken.<\/p>\n","protected":false},"excerpt":{"rendered":"<p>Auf die Anzahl kommt es nicht drauf an! Ob Sie 1 Kopie oder 10.000 und mehr Ausdrucke ben\u00f6tigen. Bei uns sind Sie genau richtig. Bei gestellter PDF k\u00f6nnen ihre Vorstellung auf h\u00f6chster Qualit\u00e4t umgesetzt werden. Gerne k\u00f6nnen Sie uns Ihre Daten auch online zukommen lassen. Daf\u00fcr bitte nur das untenstehende Formular ausf\u00fcllen und abschicken.<\/p>\n","protected":false},"author":1,"featured_media":0,"parent":129,"menu_order":0,"comment_status":"closed","ping_status":"closed","template":"index-seiten.php","meta":{"footnotes":""},"class_list":["post-176","page","type-page","status-publish","hentry"],"yoast_head":"<!-- This site is optimized with the Yoast SEO plugin v27.4 - https:\/\/yoast.com\/product\/yoast-seo-wordpress\/ -->\n<title>Ausdrucke - Druckerei Thomas Fleischhauer<\/title>\n<meta name=\"robots\" content=\"index, follow, max-snippet:-1, max-image-preview:large, max-video-preview:-1\" \/>\n<link rel=\"canonical\" href=\"https:\/\/fleischhauer-druck.de\/cms\/produkte\/ausdrucke\/\" \/>\n<meta property=\"og:locale\" content=\"de_DE\" \/>\n<meta property=\"og:type\" content=\"article\" \/>\n<meta property=\"og:title\" content=\"Ausdrucke - Druckerei Thomas Fleischhauer\" \/>\n<meta property=\"og:description\" content=\"Auf die Anzahl kommt es nicht drauf an! Ob Sie 1 Kopie oder 10.000 und mehr Ausdrucke ben\u00f6tigen. Bei uns sind Sie genau richtig. Bei gestellter PDF k\u00f6nnen ihre Vorstellung auf h\u00f6chster Qualit\u00e4t umgesetzt werden. Gerne k\u00f6nnen Sie uns Ihre Daten auch online zukommen lassen. Daf\u00fcr bitte nur das untenstehende Formular ausf\u00fcllen und abschicken.\" \/>\n<meta property=\"og:url\" content=\"https:\/\/fleischhauer-druck.de\/cms\/produkte\/ausdrucke\/\" \/>\n<meta property=\"og:site_name\" content=\"Druckerei Thomas Fleischhauer\" \/>\n<meta property=\"article:modified_time\" content=\"2020-12-30T16:03:05+00:00\" \/>\n<script type=\"application\/ld+json\" class=\"yoast-schema-graph\">{\"@context\":\"https:\\\/\\\/schema.org\",\"@graph\":[{\"@type\":\"WebPage\",\"@id\":\"https:\\\/\\\/fleischhauer-druck.de\\\/cms\\\/produkte\\\/ausdrucke\\\/\",\"url\":\"https:\\\/\\\/fleischhauer-druck.de\\\/cms\\\/produkte\\\/ausdrucke\\\/\",\"name\":\"Ausdrucke - Druckerei Thomas Fleischhauer\",\"isPartOf\":{\"@id\":\"https:\\\/\\\/fleischhauer-druck.de\\\/cms\\\/#website\"},\"datePublished\":\"2012-11-19T20:39:05+00:00\",\"dateModified\":\"2020-12-30T16:03:05+00:00\",\"breadcrumb\":{\"@id\":\"https:\\\/\\\/fleischhauer-druck.de\\\/cms\\\/produkte\\\/ausdrucke\\\/#breadcrumb\"},\"inLanguage\":\"de\",\"potentialAction\":[{\"@type\":\"ReadAction\",\"target\":[\"https:\\\/\\\/fleischhauer-druck.de\\\/cms\\\/produkte\\\/ausdrucke\\\/\"]}]},{\"@type\":\"BreadcrumbList\",\"@id\":\"https:\\\/\\\/fleischhauer-druck.de\\\/cms\\\/produkte\\\/ausdrucke\\\/#breadcrumb\",\"itemListElement\":[{\"@type\":\"ListItem\",\"position\":1,\"name\":\"Home\",\"item\":\"https:\\\/\\\/fleischhauer-druck.de\\\/cms\\\/\"},{\"@type\":\"ListItem\",\"position\":2,\"name\":\"Produkte\",\"item\":\"https:\\\/\\\/fleischhauer-druck.de\\\/cms\\\/produkte\\\/\"},{\"@type\":\"ListItem\",\"position\":3,\"name\":\"Ausdrucke\"}]},{\"@type\":\"WebSite\",\"@id\":\"https:\\\/\\\/fleischhauer-druck.de\\\/cms\\\/#website\",\"url\":\"https:\\\/\\\/fleischhauer-druck.de\\\/cms\\\/\",\"name\":\"Druckerei Thomas Fleischhauer\",\"description\":\"Die Druckerei mit der individuellen Beratung f\u00fcr Visitenkarten \\\/ Flyer \\\/ Briefb\u00f6gen \\\/ Briefumschl\u00e4ge \\\/ Brosch\u00fcren\",\"potentialAction\":[{\"@type\":\"SearchAction\",\"target\":{\"@type\":\"EntryPoint\",\"urlTemplate\":\"https:\\\/\\\/fleischhauer-druck.de\\\/cms\\\/?s={search_term_string}\"},\"query-input\":{\"@type\":\"PropertyValueSpecification\",\"valueRequired\":true,\"valueName\":\"search_term_string\"}}],\"inLanguage\":\"de\"}]}<\/script>\n<!-- \/ Yoast SEO plugin. -->","yoast_head_json":{"title":"Ausdrucke - Druckerei Thomas Fleischhauer","robots":{"index":"index","follow":"follow","max-snippet":"max-snippet:-1","max-image-preview":"max-image-preview:large","max-video-preview":"max-video-preview:-1"},"canonical":"https:\/\/fleischhauer-druck.de\/cms\/produkte\/ausdrucke\/","og_locale":"de_DE","og_type":"article","og_title":"Ausdrucke - Druckerei Thomas Fleischhauer","og_description":"Auf die Anzahl kommt es nicht drauf an! Ob Sie 1 Kopie oder 10.000 und mehr Ausdrucke ben\u00f6tigen. Bei uns sind Sie genau richtig. Bei gestellter PDF k\u00f6nnen ihre Vorstellung auf h\u00f6chster Qualit\u00e4t umgesetzt werden. Gerne k\u00f6nnen Sie uns Ihre Daten auch online zukommen lassen. Daf\u00fcr bitte nur das untenstehende Formular ausf\u00fcllen und abschicken.","og_url":"https:\/\/fleischhauer-druck.de\/cms\/produkte\/ausdrucke\/","og_site_name":"Druckerei Thomas Fleischhauer","article_modified_time":"2020-12-30T16:03:05+00:00","schema":{"@context":"https:\/\/schema.org","@graph":[{"@type":"WebPage","@id":"https:\/\/fleischhauer-druck.de\/cms\/produkte\/ausdrucke\/","url":"https:\/\/fleischhauer-druck.de\/cms\/produkte\/ausdrucke\/","name":"Ausdrucke - Druckerei Thomas Fleischhauer","isPartOf":{"@id":"https:\/\/fleischhauer-druck.de\/cms\/#website"},"datePublished":"2012-11-19T20:39:05+00:00","dateModified":"2020-12-30T16:03:05+00:00","breadcrumb":{"@id":"https:\/\/fleischhauer-druck.de\/cms\/produkte\/ausdrucke\/#breadcrumb"},"inLanguage":"de","potentialAction":[{"@type":"ReadAction","target":["https:\/\/fleischhauer-druck.de\/cms\/produkte\/ausdrucke\/"]}]},{"@type":"BreadcrumbList","@id":"https:\/\/fleischhauer-druck.de\/cms\/produkte\/ausdrucke\/#breadcrumb","itemListElement":[{"@type":"ListItem","position":1,"name":"Home","item":"https:\/\/fleischhauer-druck.de\/cms\/"},{"@type":"ListItem","position":2,"name":"Produkte","item":"https:\/\/fleischhauer-druck.de\/cms\/produkte\/"},{"@type":"ListItem","position":3,"name":"Ausdrucke"}]},{"@type":"WebSite","@id":"https:\/\/fleischhauer-druck.de\/cms\/#website","url":"https:\/\/fleischhauer-druck.de\/cms\/","name":"Druckerei Thomas Fleischhauer","description":"Die Druckerei mit der individuellen Beratung f\u00fcr Visitenkarten \/ Flyer \/ Briefb\u00f6gen \/ Briefumschl\u00e4ge \/ Brosch\u00fcren","potentialAction":[{"@type":"SearchAction","target":{"@type":"EntryPoint","urlTemplate":"https:\/\/fleischhauer-druck.de\/cms\/?s={search_term_string}"},"query-input":{"@type":"PropertyValueSpecification","valueRequired":true,"valueName":"search_term_string"}}],"inLanguage":"de"}]}},"_links":{"self":[{"href":"https:\/\/fleischhauer-druck.de\/cms\/wp-json\/wp\/v2\/pages\/176","targetHints":{"allow":["GET"]}}],"collection":[{"href":"https:\/\/fleischhauer-druck.de\/cms\/wp-json\/wp\/v2\/pages"}],"about":[{"href":"https:\/\/fleischhauer-druck.de\/cms\/wp-json\/wp\/v2\/types\/page"}],"author":[{"embeddable":true,"href":"https:\/\/fleischhauer-druck.de\/cms\/wp-json\/wp\/v2\/users\/1"}],"replies":[{"embeddable":true,"href":"https:\/\/fleischhauer-druck.de\/cms\/wp-json\/wp\/v2\/comments?post=176"}],"version-history":[{"count":6,"href":"https:\/\/fleischhauer-druck.de\/cms\/wp-json\/wp\/v2\/pages\/176\/revisions"}],"predecessor-version":[{"id":735,"href":"https:\/\/fleischhauer-druck.de\/cms\/wp-json\/wp\/v2\/pages\/176\/revisions\/735"}],"up":[{"embeddable":true,"href":"https:\/\/fleischhauer-druck.de\/cms\/wp-json\/wp\/v2\/pages\/129"}],"wp:attachment":[{"href":"https:\/\/fleischhauer-druck.de\/cms\/wp-json\/wp\/v2\/media?parent=176"}],"curies":[{"name":"wp","href":"https:\/\/api.w.org\/{rel}","templated":true}]}}