{"id":2,"date":"2012-06-15T17:39:08","date_gmt":"2012-06-15T17:39:08","guid":{"rendered":"http:\/\/fleischhauer-druck.de\/cms\/?page_id=2"},"modified":"2020-10-14T19:54:46","modified_gmt":"2020-10-14T17:54:46","slug":"impressum","status":"publish","type":"page","link":"https:\/\/fleischhauer-druck.de\/cms\/impressum\/","title":{"rendered":"Impressum"},"content":{"rendered":"<p><a href=\"https:\/\/fleischhauer-druck.de\/cms\/wp-content\/uploads\/2012\/06\/impressum_pic1.jpg\"><img loading=\"lazy\" decoding=\"async\" class=\"alignnone wp-image-647 size-full\" src=\"https:\/\/fleischhauer-druck.de\/cms\/wp-content\/uploads\/2012\/06\/impressum_pic1.jpg\" alt=\"\" width=\"960\" height=\"176\" srcset=\"https:\/\/fleischhauer-druck.de\/cms\/wp-content\/uploads\/2012\/06\/impressum_pic1.jpg 960w, https:\/\/fleischhauer-druck.de\/cms\/wp-content\/uploads\/2012\/06\/impressum_pic1-300x55.jpg 300w\" sizes=\"auto, (max-width: 960px) 100vw, 960px\" \/><\/a><\/p>\n<p>Druckerei Th. Fleischhauer UG (haftungsbeschr\u00e4nkt)<br \/>\nFranz-Kirsten-Str. 1, 55411 Bingen<br \/>\nTel.: 06721\/159440<br \/>\nFax: 06721\/159441<br \/>\nMail: <a href=\"mailto:thomas@fleischhauer-druck.de\">thomas@fleischhauer-druck.de<\/a><br \/>\nInternet:\u00a0 <a href=\"https:\/\/www.fleischhauer-druck.de\" target=\"_blank\" rel=\"noopener noreferrer\">www.fleischhauer-druck.de<\/a><\/p>\n<p>Rechtsform: Unternehmergesellschaft haftungsbeschr\u00e4nkt (UG haftungsbeschr\u00e4nkt)<br \/>\nGesch\u00e4ftsf\u00fchrer: Thomas Fleischhauer<br \/>\nRegistergericht: Amtsgericht Mainz<br \/>\nRegisternummer: HRB 43805<br \/>\nUSt-Id: USt-IdNr.: DE281556355<br \/>\nVerantwortlich f\u00fcr den Inhalt gem\u00e4\u00df \u00a7 55 Abs. 2 RStV:\u00a0Thomas Fleischhauer, Franz-Kirsten-Str. 1, 55411 Bingen.<\/p>\n<p>Quelle: Bilder von <a href=\"https:\/\/www.unsplash.com\">unsplash.com<\/a><\/p>\n<h2>Gesch\u00e4ftsr\u00e4ume<\/h2>\n<div>Unsere Gesch\u00e4ftsr\u00e4ume befinden sich hier:<\/div>\n<div>Franz-Kirsten-Stra\u00dfe 1<br \/>\n<span style=\"text-decoration: underline;\">55411 Bingen (Bingerbr\u00fcck)<\/span><\/p>\n<h2>Kontakt<\/h2>\n<p>Treten Sie direkt mit uns in Kontakt \u00fcber unser <a href=\"https:\/\/fleischhauer-druck.de\/cms\/kontakt\/\">Kontaktformular<\/a> oder per Telefon (0 67 21) 15 94 40.<\/p>\n<\/div>\n","protected":false},"excerpt":{"rendered":"<p>Druckerei Th. Fleischhauer UG (haftungsbeschr\u00e4nkt) Franz-Kirsten-Str. 1, 55411 Bingen Tel.: 06721\/159440 Fax: 06721\/159441 Mail: thomas@fleischhauer-druck.de Internet:\u00a0 www.fleischhauer-druck.de Rechtsform: Unternehmergesellschaft haftungsbeschr\u00e4nkt (UG haftungsbeschr\u00e4nkt) Gesch\u00e4ftsf\u00fchrer: Thomas Fleischhauer Registergericht: Amtsgericht Mainz Registernummer: HRB 43805 USt-Id: USt-IdNr.: DE281556355 Verantwortlich f\u00fcr den Inhalt gem\u00e4\u00df \u00a7 55 Abs. 2 RStV:\u00a0Thomas Fleischhauer, Franz-Kirsten-Str. 1, 55411 Bingen. Quelle: Bilder von unsplash.com Gesch\u00e4ftsr\u00e4ume Unsere [&hellip;]<\/p>\n","protected":false},"author":1,"featured_media":0,"parent":0,"menu_order":0,"comment_status":"closed","ping_status":"closed","template":"index-seiten.php","meta":{"footnotes":""},"class_list":["post-2","page","type-page","status-publish","hentry"],"yoast_head":"<!-- This site is optimized with the Yoast SEO plugin v27.4 - https:\/\/yoast.com\/product\/yoast-seo-wordpress\/ -->\n<title>Impressum - Druckerei Thomas Fleischhauer<\/title>\n<meta name=\"robots\" content=\"index, follow, max-snippet:-1, max-image-preview:large, max-video-preview:-1\" \/>\n<link rel=\"canonical\" href=\"https:\/\/fleischhauer-druck.de\/cms\/impressum\/\" \/>\n<meta property=\"og:locale\" content=\"de_DE\" \/>\n<meta property=\"og:type\" content=\"article\" \/>\n<meta property=\"og:title\" content=\"Impressum - Druckerei Thomas Fleischhauer\" \/>\n<meta property=\"og:description\" content=\"Druckerei Th. Fleischhauer UG (haftungsbeschr\u00e4nkt) Franz-Kirsten-Str. 1, 55411 Bingen Tel.: 06721\/159440 Fax: 06721\/159441 Mail: thomas@fleischhauer-druck.de Internet:\u00a0 www.fleischhauer-druck.de Rechtsform: Unternehmergesellschaft haftungsbeschr\u00e4nkt (UG haftungsbeschr\u00e4nkt) Gesch\u00e4ftsf\u00fchrer: Thomas Fleischhauer Registergericht: Amtsgericht Mainz Registernummer: HRB 43805 USt-Id: USt-IdNr.: DE281556355 Verantwortlich f\u00fcr den Inhalt gem\u00e4\u00df \u00a7 55 Abs. 2 RStV:\u00a0Thomas Fleischhauer, Franz-Kirsten-Str. 1, 55411 Bingen. Quelle: Bilder von unsplash.com Gesch\u00e4ftsr\u00e4ume Unsere [&hellip;]\" \/>\n<meta property=\"og:url\" content=\"https:\/\/fleischhauer-druck.de\/cms\/impressum\/\" \/>\n<meta property=\"og:site_name\" content=\"Druckerei Thomas Fleischhauer\" \/>\n<meta property=\"article:modified_time\" content=\"2020-10-14T17:54:46+00:00\" \/>\n<meta property=\"og:image\" content=\"https:\/\/fleischhauer-druck.de\/cms\/wp-content\/uploads\/2012\/06\/impressum_pic1.jpg\" \/>\n<script type=\"application\/ld+json\" class=\"yoast-schema-graph\">{\"@context\":\"https:\\\/\\\/schema.org\",\"@graph\":[{\"@type\":\"WebPage\",\"@id\":\"https:\\\/\\\/fleischhauer-druck.de\\\/cms\\\/impressum\\\/\",\"url\":\"https:\\\/\\\/fleischhauer-druck.de\\\/cms\\\/impressum\\\/\",\"name\":\"Impressum - Druckerei Thomas Fleischhauer\",\"isPartOf\":{\"@id\":\"https:\\\/\\\/fleischhauer-druck.de\\\/cms\\\/#website\"},\"primaryImageOfPage\":{\"@id\":\"https:\\\/\\\/fleischhauer-druck.de\\\/cms\\\/impressum\\\/#primaryimage\"},\"image\":{\"@id\":\"https:\\\/\\\/fleischhauer-druck.de\\\/cms\\\/impressum\\\/#primaryimage\"},\"thumbnailUrl\":\"https:\\\/\\\/fleischhauer-druck.de\\\/cms\\\/wp-content\\\/uploads\\\/2012\\\/06\\\/impressum_pic1.jpg\",\"datePublished\":\"2012-06-15T17:39:08+00:00\",\"dateModified\":\"2020-10-14T17:54:46+00:00\",\"breadcrumb\":{\"@id\":\"https:\\\/\\\/fleischhauer-druck.de\\\/cms\\\/impressum\\\/#breadcrumb\"},\"inLanguage\":\"de\",\"potentialAction\":[{\"@type\":\"ReadAction\",\"target\":[\"https:\\\/\\\/fleischhauer-druck.de\\\/cms\\\/impressum\\\/\"]}]},{\"@type\":\"ImageObject\",\"inLanguage\":\"de\",\"@id\":\"https:\\\/\\\/fleischhauer-druck.de\\\/cms\\\/impressum\\\/#primaryimage\",\"url\":\"https:\\\/\\\/fleischhauer-druck.de\\\/cms\\\/wp-content\\\/uploads\\\/2012\\\/06\\\/impressum_pic1.jpg\",\"contentUrl\":\"https:\\\/\\\/fleischhauer-druck.de\\\/cms\\\/wp-content\\\/uploads\\\/2012\\\/06\\\/impressum_pic1.jpg\",\"width\":960,\"height\":176},{\"@type\":\"BreadcrumbList\",\"@id\":\"https:\\\/\\\/fleischhauer-druck.de\\\/cms\\\/impressum\\\/#breadcrumb\",\"itemListElement\":[{\"@type\":\"ListItem\",\"position\":1,\"name\":\"Home\",\"item\":\"https:\\\/\\\/fleischhauer-druck.de\\\/cms\\\/\"},{\"@type\":\"ListItem\",\"position\":2,\"name\":\"Impressum\"}]},{\"@type\":\"WebSite\",\"@id\":\"https:\\\/\\\/fleischhauer-druck.de\\\/cms\\\/#website\",\"url\":\"https:\\\/\\\/fleischhauer-druck.de\\\/cms\\\/\",\"name\":\"Druckerei Thomas Fleischhauer\",\"description\":\"Die Druckerei mit der individuellen Beratung f\u00fcr Visitenkarten \\\/ Flyer \\\/ Briefb\u00f6gen \\\/ Briefumschl\u00e4ge \\\/ Brosch\u00fcren\",\"potentialAction\":[{\"@type\":\"SearchAction\",\"target\":{\"@type\":\"EntryPoint\",\"urlTemplate\":\"https:\\\/\\\/fleischhauer-druck.de\\\/cms\\\/?s={search_term_string}\"},\"query-input\":{\"@type\":\"PropertyValueSpecification\",\"valueRequired\":true,\"valueName\":\"search_term_string\"}}],\"inLanguage\":\"de\"}]}<\/script>\n<!-- \/ Yoast SEO plugin. -->","yoast_head_json":{"title":"Impressum - Druckerei Thomas Fleischhauer","robots":{"index":"index","follow":"follow","max-snippet":"max-snippet:-1","max-image-preview":"max-image-preview:large","max-video-preview":"max-video-preview:-1"},"canonical":"https:\/\/fleischhauer-druck.de\/cms\/impressum\/","og_locale":"de_DE","og_type":"article","og_title":"Impressum - Druckerei Thomas Fleischhauer","og_description":"Druckerei Th. Fleischhauer UG (haftungsbeschr\u00e4nkt) Franz-Kirsten-Str. 1, 55411 Bingen Tel.: 06721\/159440 Fax: 06721\/159441 Mail: thomas@fleischhauer-druck.de Internet:\u00a0 www.fleischhauer-druck.de Rechtsform: Unternehmergesellschaft haftungsbeschr\u00e4nkt (UG haftungsbeschr\u00e4nkt) Gesch\u00e4ftsf\u00fchrer: Thomas Fleischhauer Registergericht: Amtsgericht Mainz Registernummer: HRB 43805 USt-Id: USt-IdNr.: DE281556355 Verantwortlich f\u00fcr den Inhalt gem\u00e4\u00df \u00a7 55 Abs. 2 RStV:\u00a0Thomas Fleischhauer, Franz-Kirsten-Str. 1, 55411 Bingen. Quelle: Bilder von unsplash.com Gesch\u00e4ftsr\u00e4ume Unsere [&hellip;]","og_url":"https:\/\/fleischhauer-druck.de\/cms\/impressum\/","og_site_name":"Druckerei Thomas Fleischhauer","article_modified_time":"2020-10-14T17:54:46+00:00","og_image":[{"url":"https:\/\/fleischhauer-druck.de\/cms\/wp-content\/uploads\/2012\/06\/impressum_pic1.jpg","type":"","width":"","height":""}],"schema":{"@context":"https:\/\/schema.org","@graph":[{"@type":"WebPage","@id":"https:\/\/fleischhauer-druck.de\/cms\/impressum\/","url":"https:\/\/fleischhauer-druck.de\/cms\/impressum\/","name":"Impressum - Druckerei Thomas Fleischhauer","isPartOf":{"@id":"https:\/\/fleischhauer-druck.de\/cms\/#website"},"primaryImageOfPage":{"@id":"https:\/\/fleischhauer-druck.de\/cms\/impressum\/#primaryimage"},"image":{"@id":"https:\/\/fleischhauer-druck.de\/cms\/impressum\/#primaryimage"},"thumbnailUrl":"https:\/\/fleischhauer-druck.de\/cms\/wp-content\/uploads\/2012\/06\/impressum_pic1.jpg","datePublished":"2012-06-15T17:39:08+00:00","dateModified":"2020-10-14T17:54:46+00:00","breadcrumb":{"@id":"https:\/\/fleischhauer-druck.de\/cms\/impressum\/#breadcrumb"},"inLanguage":"de","potentialAction":[{"@type":"ReadAction","target":["https:\/\/fleischhauer-druck.de\/cms\/impressum\/"]}]},{"@type":"ImageObject","inLanguage":"de","@id":"https:\/\/fleischhauer-druck.de\/cms\/impressum\/#primaryimage","url":"https:\/\/fleischhauer-druck.de\/cms\/wp-content\/uploads\/2012\/06\/impressum_pic1.jpg","contentUrl":"https:\/\/fleischhauer-druck.de\/cms\/wp-content\/uploads\/2012\/06\/impressum_pic1.jpg","width":960,"height":176},{"@type":"BreadcrumbList","@id":"https:\/\/fleischhauer-druck.de\/cms\/impressum\/#breadcrumb","itemListElement":[{"@type":"ListItem","position":1,"name":"Home","item":"https:\/\/fleischhauer-druck.de\/cms\/"},{"@type":"ListItem","position":2,"name":"Impressum"}]},{"@type":"WebSite","@id":"https:\/\/fleischhauer-druck.de\/cms\/#website","url":"https:\/\/fleischhauer-druck.de\/cms\/","name":"Druckerei Thomas Fleischhauer","description":"Die Druckerei mit der individuellen Beratung f\u00fcr Visitenkarten \/ Flyer \/ Briefb\u00f6gen \/ Briefumschl\u00e4ge \/ Brosch\u00fcren","potentialAction":[{"@type":"SearchAction","target":{"@type":"EntryPoint","urlTemplate":"https:\/\/fleischhauer-druck.de\/cms\/?s={search_term_string}"},"query-input":{"@type":"PropertyValueSpecification","valueRequired":true,"valueName":"search_term_string"}}],"inLanguage":"de"}]}},"_links":{"self":[{"href":"https:\/\/fleischhauer-druck.de\/cms\/wp-json\/wp\/v2\/pages\/2","targetHints":{"allow":["GET"]}}],"collection":[{"href":"https:\/\/fleischhauer-druck.de\/cms\/wp-json\/wp\/v2\/pages"}],"about":[{"href":"https:\/\/fleischhauer-druck.de\/cms\/wp-json\/wp\/v2\/types\/page"}],"author":[{"embeddable":true,"href":"https:\/\/fleischhauer-druck.de\/cms\/wp-json\/wp\/v2\/users\/1"}],"replies":[{"embeddable":true,"href":"https:\/\/fleischhauer-druck.de\/cms\/wp-json\/wp\/v2\/comments?post=2"}],"version-history":[{"count":12,"href":"https:\/\/fleischhauer-druck.de\/cms\/wp-json\/wp\/v2\/pages\/2\/revisions"}],"predecessor-version":[{"id":713,"href":"https:\/\/fleischhauer-druck.de\/cms\/wp-json\/wp\/v2\/pages\/2\/revisions\/713"}],"wp:attachment":[{"href":"https:\/\/fleischhauer-druck.de\/cms\/wp-json\/wp\/v2\/media?parent=2"}],"curies":[{"name":"wp","href":"https:\/\/api.w.org\/{rel}","templated":true}]}}