{"id":657,"date":"2016-07-13T16:24:34","date_gmt":"2016-07-13T14:24:34","guid":{"rendered":"http:\/\/fleischhauer-druck.de\/cms\/?page_id=657"},"modified":"2016-07-13T16:24:34","modified_gmt":"2016-07-13T14:24:34","slug":"design-und-layout","status":"publish","type":"page","link":"https:\/\/fleischhauer-druck.de\/cms\/design-und-layout\/","title":{"rendered":"Design und Layout"},"content":{"rendered":"<p>Mit dem Design &amp; Layout steht und f\u00e4llt alles.<br \/>\nWir designen Ihnen Ihre Produkte gerne nach Ihren W\u00fcnschen.<br \/>\nWir greifen auf eine langj\u00e4hrige Erfahrung zur\u00fcck und garantieren eine professionelle und gute Beratung in allen Bereichen.<\/p>\n<p>Wir freuen uns auf eine gute zuk\u00fcnftige Zusammenarbeit mit Ihnen.<\/p>\n","protected":false},"excerpt":{"rendered":"<p>Mit dem Design &amp; Layout steht und f\u00e4llt alles. Wir designen Ihnen Ihre Produkte gerne nach Ihren W\u00fcnschen. Wir greifen auf eine langj\u00e4hrige Erfahrung zur\u00fcck und garantieren eine professionelle und gute Beratung in allen Bereichen. Wir freuen uns auf eine gute zuk\u00fcnftige Zusammenarbeit mit Ihnen.<\/p>\n","protected":false},"author":1,"featured_media":0,"parent":0,"menu_order":0,"comment_status":"closed","ping_status":"closed","template":"","meta":{"footnotes":""},"class_list":["post-657","page","type-page","status-publish","hentry"],"yoast_head":"<!-- This site is optimized with the Yoast SEO plugin v27.4 - https:\/\/yoast.com\/product\/yoast-seo-wordpress\/ -->\n<title>Design und Layout - Druckerei Thomas Fleischhauer<\/title>\n<meta name=\"robots\" content=\"index, follow, max-snippet:-1, max-image-preview:large, max-video-preview:-1\" \/>\n<link rel=\"canonical\" href=\"https:\/\/fleischhauer-druck.de\/cms\/design-und-layout\/\" \/>\n<meta property=\"og:locale\" content=\"de_DE\" \/>\n<meta property=\"og:type\" content=\"article\" \/>\n<meta property=\"og:title\" content=\"Design und Layout - Druckerei Thomas Fleischhauer\" \/>\n<meta property=\"og:description\" content=\"Mit dem Design &amp; Layout steht und f\u00e4llt alles. Wir designen Ihnen Ihre Produkte gerne nach Ihren W\u00fcnschen. Wir greifen auf eine langj\u00e4hrige Erfahrung zur\u00fcck und garantieren eine professionelle und gute Beratung in allen Bereichen. Wir freuen uns auf eine gute zuk\u00fcnftige Zusammenarbeit mit Ihnen.\" \/>\n<meta property=\"og:url\" content=\"https:\/\/fleischhauer-druck.de\/cms\/design-und-layout\/\" \/>\n<meta property=\"og:site_name\" content=\"Druckerei Thomas Fleischhauer\" \/>\n<script type=\"application\/ld+json\" class=\"yoast-schema-graph\">{\"@context\":\"https:\\\/\\\/schema.org\",\"@graph\":[{\"@type\":\"WebPage\",\"@id\":\"https:\\\/\\\/fleischhauer-druck.de\\\/cms\\\/design-und-layout\\\/\",\"url\":\"https:\\\/\\\/fleischhauer-druck.de\\\/cms\\\/design-und-layout\\\/\",\"name\":\"Design und Layout - Druckerei Thomas Fleischhauer\",\"isPartOf\":{\"@id\":\"https:\\\/\\\/fleischhauer-druck.de\\\/cms\\\/#website\"},\"datePublished\":\"2016-07-13T14:24:34+00:00\",\"breadcrumb\":{\"@id\":\"https:\\\/\\\/fleischhauer-druck.de\\\/cms\\\/design-und-layout\\\/#breadcrumb\"},\"inLanguage\":\"de\",\"potentialAction\":[{\"@type\":\"ReadAction\",\"target\":[\"https:\\\/\\\/fleischhauer-druck.de\\\/cms\\\/design-und-layout\\\/\"]}]},{\"@type\":\"BreadcrumbList\",\"@id\":\"https:\\\/\\\/fleischhauer-druck.de\\\/cms\\\/design-und-layout\\\/#breadcrumb\",\"itemListElement\":[{\"@type\":\"ListItem\",\"position\":1,\"name\":\"Home\",\"item\":\"https:\\\/\\\/fleischhauer-druck.de\\\/cms\\\/\"},{\"@type\":\"ListItem\",\"position\":2,\"name\":\"Design und Layout\"}]},{\"@type\":\"WebSite\",\"@id\":\"https:\\\/\\\/fleischhauer-druck.de\\\/cms\\\/#website\",\"url\":\"https:\\\/\\\/fleischhauer-druck.de\\\/cms\\\/\",\"name\":\"Druckerei Thomas Fleischhauer\",\"description\":\"Die Druckerei mit der individuellen Beratung f\u00fcr Visitenkarten \\\/ Flyer \\\/ Briefb\u00f6gen \\\/ Briefumschl\u00e4ge \\\/ Brosch\u00fcren\",\"potentialAction\":[{\"@type\":\"SearchAction\",\"target\":{\"@type\":\"EntryPoint\",\"urlTemplate\":\"https:\\\/\\\/fleischhauer-druck.de\\\/cms\\\/?s={search_term_string}\"},\"query-input\":{\"@type\":\"PropertyValueSpecification\",\"valueRequired\":true,\"valueName\":\"search_term_string\"}}],\"inLanguage\":\"de\"}]}<\/script>\n<!-- \/ Yoast SEO plugin. -->","yoast_head_json":{"title":"Design und Layout - Druckerei Thomas Fleischhauer","robots":{"index":"index","follow":"follow","max-snippet":"max-snippet:-1","max-image-preview":"max-image-preview:large","max-video-preview":"max-video-preview:-1"},"canonical":"https:\/\/fleischhauer-druck.de\/cms\/design-und-layout\/","og_locale":"de_DE","og_type":"article","og_title":"Design und Layout - Druckerei Thomas Fleischhauer","og_description":"Mit dem Design &amp; Layout steht und f\u00e4llt alles. Wir designen Ihnen Ihre Produkte gerne nach Ihren W\u00fcnschen. Wir greifen auf eine langj\u00e4hrige Erfahrung zur\u00fcck und garantieren eine professionelle und gute Beratung in allen Bereichen. Wir freuen uns auf eine gute zuk\u00fcnftige Zusammenarbeit mit Ihnen.","og_url":"https:\/\/fleischhauer-druck.de\/cms\/design-und-layout\/","og_site_name":"Druckerei Thomas Fleischhauer","schema":{"@context":"https:\/\/schema.org","@graph":[{"@type":"WebPage","@id":"https:\/\/fleischhauer-druck.de\/cms\/design-und-layout\/","url":"https:\/\/fleischhauer-druck.de\/cms\/design-und-layout\/","name":"Design und Layout - Druckerei Thomas Fleischhauer","isPartOf":{"@id":"https:\/\/fleischhauer-druck.de\/cms\/#website"},"datePublished":"2016-07-13T14:24:34+00:00","breadcrumb":{"@id":"https:\/\/fleischhauer-druck.de\/cms\/design-und-layout\/#breadcrumb"},"inLanguage":"de","potentialAction":[{"@type":"ReadAction","target":["https:\/\/fleischhauer-druck.de\/cms\/design-und-layout\/"]}]},{"@type":"BreadcrumbList","@id":"https:\/\/fleischhauer-druck.de\/cms\/design-und-layout\/#breadcrumb","itemListElement":[{"@type":"ListItem","position":1,"name":"Home","item":"https:\/\/fleischhauer-druck.de\/cms\/"},{"@type":"ListItem","position":2,"name":"Design und Layout"}]},{"@type":"WebSite","@id":"https:\/\/fleischhauer-druck.de\/cms\/#website","url":"https:\/\/fleischhauer-druck.de\/cms\/","name":"Druckerei Thomas Fleischhauer","description":"Die Druckerei mit der individuellen Beratung f\u00fcr Visitenkarten \/ Flyer \/ Briefb\u00f6gen \/ Briefumschl\u00e4ge \/ Brosch\u00fcren","potentialAction":[{"@type":"SearchAction","target":{"@type":"EntryPoint","urlTemplate":"https:\/\/fleischhauer-druck.de\/cms\/?s={search_term_string}"},"query-input":{"@type":"PropertyValueSpecification","valueRequired":true,"valueName":"search_term_string"}}],"inLanguage":"de"}]}},"_links":{"self":[{"href":"https:\/\/fleischhauer-druck.de\/cms\/wp-json\/wp\/v2\/pages\/657","targetHints":{"allow":["GET"]}}],"collection":[{"href":"https:\/\/fleischhauer-druck.de\/cms\/wp-json\/wp\/v2\/pages"}],"about":[{"href":"https:\/\/fleischhauer-druck.de\/cms\/wp-json\/wp\/v2\/types\/page"}],"author":[{"embeddable":true,"href":"https:\/\/fleischhauer-druck.de\/cms\/wp-json\/wp\/v2\/users\/1"}],"replies":[{"embeddable":true,"href":"https:\/\/fleischhauer-druck.de\/cms\/wp-json\/wp\/v2\/comments?post=657"}],"version-history":[{"count":1,"href":"https:\/\/fleischhauer-druck.de\/cms\/wp-json\/wp\/v2\/pages\/657\/revisions"}],"predecessor-version":[{"id":658,"href":"https:\/\/fleischhauer-druck.de\/cms\/wp-json\/wp\/v2\/pages\/657\/revisions\/658"}],"wp:attachment":[{"href":"https:\/\/fleischhauer-druck.de\/cms\/wp-json\/wp\/v2\/media?parent=657"}],"curies":[{"name":"wp","href":"https:\/\/api.w.org\/{rel}","templated":true}]}}