{"id":692,"date":"2016-07-14T11:07:56","date_gmt":"2016-07-14T09:07:56","guid":{"rendered":"http:\/\/fleischhauer-druck.de\/cms\/?page_id=692"},"modified":"2016-07-14T11:10:34","modified_gmt":"2016-07-14T09:10:34","slug":"bloecke","status":"publish","type":"page","link":"https:\/\/fleischhauer-druck.de\/cms\/produkte\/bloecke\/","title":{"rendered":"Bl\u00f6cke"},"content":{"rendered":"<p><strong>Immer bereit zum Durchstarten.<\/strong><\/p>\n<p>Schreibbl\u00f6cke geh\u00f6ren zu jedem Arbeitsalltag.<br \/>\nMit Ihrem pers\u00f6nlichen Design geben Sie jedem einzelnem Blatt Ihre spezielle Note und erzielen gleichzeitig eine<br \/>\nwirkungsvolle Werbung<\/p>\n<p>Zus\u00e4tzlich haben Sie die freie Wahl:<\/p>\n<ul>\n<li>Bl\u00f6cke geleimt<\/li>\n<li>Firmens\u00e4tze f\u00fcr Rechnungen, Lieferscheine und vieles mehr<\/li>\n<li>Bl\u00f6cke mit Spiralbindung<\/li>\n<li>Schreibtischuntelagen bis DIN A3<\/li>\n<\/ul>\n","protected":false},"excerpt":{"rendered":"<p>Immer bereit zum Durchstarten. Schreibbl\u00f6cke geh\u00f6ren zu jedem Arbeitsalltag. Mit Ihrem pers\u00f6nlichen Design geben Sie jedem einzelnem Blatt Ihre spezielle Note und erzielen gleichzeitig eine wirkungsvolle Werbung Zus\u00e4tzlich haben Sie die freie Wahl: Bl\u00f6cke geleimt Firmens\u00e4tze f\u00fcr Rechnungen, Lieferscheine und vieles mehr Bl\u00f6cke mit Spiralbindung Schreibtischuntelagen bis DIN A3<\/p>\n","protected":false},"author":1,"featured_media":0,"parent":129,"menu_order":0,"comment_status":"closed","ping_status":"closed","template":"index-seiten.php","meta":{"footnotes":""},"class_list":["post-692","page","type-page","status-publish","hentry"],"yoast_head":"<!-- This site is optimized with the Yoast SEO plugin v27.4 - https:\/\/yoast.com\/product\/yoast-seo-wordpress\/ -->\n<title>Bl\u00f6cke - Druckerei Thomas Fleischhauer<\/title>\n<meta name=\"robots\" content=\"index, follow, max-snippet:-1, max-image-preview:large, max-video-preview:-1\" \/>\n<link rel=\"canonical\" href=\"https:\/\/fleischhauer-druck.de\/cms\/produkte\/bloecke\/\" \/>\n<meta property=\"og:locale\" content=\"de_DE\" \/>\n<meta property=\"og:type\" content=\"article\" \/>\n<meta property=\"og:title\" content=\"Bl\u00f6cke - Druckerei Thomas Fleischhauer\" \/>\n<meta property=\"og:description\" content=\"Immer bereit zum Durchstarten. Schreibbl\u00f6cke geh\u00f6ren zu jedem Arbeitsalltag. Mit Ihrem pers\u00f6nlichen Design geben Sie jedem einzelnem Blatt Ihre spezielle Note und erzielen gleichzeitig eine wirkungsvolle Werbung Zus\u00e4tzlich haben Sie die freie Wahl: Bl\u00f6cke geleimt Firmens\u00e4tze f\u00fcr Rechnungen, Lieferscheine und vieles mehr Bl\u00f6cke mit Spiralbindung Schreibtischuntelagen bis DIN A3\" \/>\n<meta property=\"og:url\" content=\"https:\/\/fleischhauer-druck.de\/cms\/produkte\/bloecke\/\" \/>\n<meta property=\"og:site_name\" content=\"Druckerei Thomas Fleischhauer\" \/>\n<meta property=\"article:modified_time\" content=\"2016-07-14T09:10:34+00:00\" \/>\n<script type=\"application\/ld+json\" class=\"yoast-schema-graph\">{\"@context\":\"https:\\\/\\\/schema.org\",\"@graph\":[{\"@type\":\"WebPage\",\"@id\":\"https:\\\/\\\/fleischhauer-druck.de\\\/cms\\\/produkte\\\/bloecke\\\/\",\"url\":\"https:\\\/\\\/fleischhauer-druck.de\\\/cms\\\/produkte\\\/bloecke\\\/\",\"name\":\"Bl\u00f6cke - Druckerei Thomas Fleischhauer\",\"isPartOf\":{\"@id\":\"https:\\\/\\\/fleischhauer-druck.de\\\/cms\\\/#website\"},\"datePublished\":\"2016-07-14T09:07:56+00:00\",\"dateModified\":\"2016-07-14T09:10:34+00:00\",\"breadcrumb\":{\"@id\":\"https:\\\/\\\/fleischhauer-druck.de\\\/cms\\\/produkte\\\/bloecke\\\/#breadcrumb\"},\"inLanguage\":\"de\",\"potentialAction\":[{\"@type\":\"ReadAction\",\"target\":[\"https:\\\/\\\/fleischhauer-druck.de\\\/cms\\\/produkte\\\/bloecke\\\/\"]}]},{\"@type\":\"BreadcrumbList\",\"@id\":\"https:\\\/\\\/fleischhauer-druck.de\\\/cms\\\/produkte\\\/bloecke\\\/#breadcrumb\",\"itemListElement\":[{\"@type\":\"ListItem\",\"position\":1,\"name\":\"Home\",\"item\":\"https:\\\/\\\/fleischhauer-druck.de\\\/cms\\\/\"},{\"@type\":\"ListItem\",\"position\":2,\"name\":\"Produkte\",\"item\":\"https:\\\/\\\/fleischhauer-druck.de\\\/cms\\\/produkte\\\/\"},{\"@type\":\"ListItem\",\"position\":3,\"name\":\"Bl\u00f6cke\"}]},{\"@type\":\"WebSite\",\"@id\":\"https:\\\/\\\/fleischhauer-druck.de\\\/cms\\\/#website\",\"url\":\"https:\\\/\\\/fleischhauer-druck.de\\\/cms\\\/\",\"name\":\"Druckerei Thomas Fleischhauer\",\"description\":\"Die Druckerei mit der individuellen Beratung f\u00fcr Visitenkarten \\\/ Flyer \\\/ Briefb\u00f6gen \\\/ Briefumschl\u00e4ge \\\/ Brosch\u00fcren\",\"potentialAction\":[{\"@type\":\"SearchAction\",\"target\":{\"@type\":\"EntryPoint\",\"urlTemplate\":\"https:\\\/\\\/fleischhauer-druck.de\\\/cms\\\/?s={search_term_string}\"},\"query-input\":{\"@type\":\"PropertyValueSpecification\",\"valueRequired\":true,\"valueName\":\"search_term_string\"}}],\"inLanguage\":\"de\"}]}<\/script>\n<!-- \/ Yoast SEO plugin. -->","yoast_head_json":{"title":"Bl\u00f6cke - Druckerei Thomas Fleischhauer","robots":{"index":"index","follow":"follow","max-snippet":"max-snippet:-1","max-image-preview":"max-image-preview:large","max-video-preview":"max-video-preview:-1"},"canonical":"https:\/\/fleischhauer-druck.de\/cms\/produkte\/bloecke\/","og_locale":"de_DE","og_type":"article","og_title":"Bl\u00f6cke - Druckerei Thomas Fleischhauer","og_description":"Immer bereit zum Durchstarten. Schreibbl\u00f6cke geh\u00f6ren zu jedem Arbeitsalltag. Mit Ihrem pers\u00f6nlichen Design geben Sie jedem einzelnem Blatt Ihre spezielle Note und erzielen gleichzeitig eine wirkungsvolle Werbung Zus\u00e4tzlich haben Sie die freie Wahl: Bl\u00f6cke geleimt Firmens\u00e4tze f\u00fcr Rechnungen, Lieferscheine und vieles mehr Bl\u00f6cke mit Spiralbindung Schreibtischuntelagen bis DIN A3","og_url":"https:\/\/fleischhauer-druck.de\/cms\/produkte\/bloecke\/","og_site_name":"Druckerei Thomas Fleischhauer","article_modified_time":"2016-07-14T09:10:34+00:00","schema":{"@context":"https:\/\/schema.org","@graph":[{"@type":"WebPage","@id":"https:\/\/fleischhauer-druck.de\/cms\/produkte\/bloecke\/","url":"https:\/\/fleischhauer-druck.de\/cms\/produkte\/bloecke\/","name":"Bl\u00f6cke - Druckerei Thomas Fleischhauer","isPartOf":{"@id":"https:\/\/fleischhauer-druck.de\/cms\/#website"},"datePublished":"2016-07-14T09:07:56+00:00","dateModified":"2016-07-14T09:10:34+00:00","breadcrumb":{"@id":"https:\/\/fleischhauer-druck.de\/cms\/produkte\/bloecke\/#breadcrumb"},"inLanguage":"de","potentialAction":[{"@type":"ReadAction","target":["https:\/\/fleischhauer-druck.de\/cms\/produkte\/bloecke\/"]}]},{"@type":"BreadcrumbList","@id":"https:\/\/fleischhauer-druck.de\/cms\/produkte\/bloecke\/#breadcrumb","itemListElement":[{"@type":"ListItem","position":1,"name":"Home","item":"https:\/\/fleischhauer-druck.de\/cms\/"},{"@type":"ListItem","position":2,"name":"Produkte","item":"https:\/\/fleischhauer-druck.de\/cms\/produkte\/"},{"@type":"ListItem","position":3,"name":"Bl\u00f6cke"}]},{"@type":"WebSite","@id":"https:\/\/fleischhauer-druck.de\/cms\/#website","url":"https:\/\/fleischhauer-druck.de\/cms\/","name":"Druckerei Thomas Fleischhauer","description":"Die Druckerei mit der individuellen Beratung f\u00fcr Visitenkarten \/ Flyer \/ Briefb\u00f6gen \/ Briefumschl\u00e4ge \/ Brosch\u00fcren","potentialAction":[{"@type":"SearchAction","target":{"@type":"EntryPoint","urlTemplate":"https:\/\/fleischhauer-druck.de\/cms\/?s={search_term_string}"},"query-input":{"@type":"PropertyValueSpecification","valueRequired":true,"valueName":"search_term_string"}}],"inLanguage":"de"}]}},"_links":{"self":[{"href":"https:\/\/fleischhauer-druck.de\/cms\/wp-json\/wp\/v2\/pages\/692","targetHints":{"allow":["GET"]}}],"collection":[{"href":"https:\/\/fleischhauer-druck.de\/cms\/wp-json\/wp\/v2\/pages"}],"about":[{"href":"https:\/\/fleischhauer-druck.de\/cms\/wp-json\/wp\/v2\/types\/page"}],"author":[{"embeddable":true,"href":"https:\/\/fleischhauer-druck.de\/cms\/wp-json\/wp\/v2\/users\/1"}],"replies":[{"embeddable":true,"href":"https:\/\/fleischhauer-druck.de\/cms\/wp-json\/wp\/v2\/comments?post=692"}],"version-history":[{"count":2,"href":"https:\/\/fleischhauer-druck.de\/cms\/wp-json\/wp\/v2\/pages\/692\/revisions"}],"predecessor-version":[{"id":695,"href":"https:\/\/fleischhauer-druck.de\/cms\/wp-json\/wp\/v2\/pages\/692\/revisions\/695"}],"up":[{"embeddable":true,"href":"https:\/\/fleischhauer-druck.de\/cms\/wp-json\/wp\/v2\/pages\/129"}],"wp:attachment":[{"href":"https:\/\/fleischhauer-druck.de\/cms\/wp-json\/wp\/v2\/media?parent=692"}],"curies":[{"name":"wp","href":"https:\/\/api.w.org\/{rel}","templated":true}]}}